at is 12 + 100012112?
100012201
In base 5, what is 0 + 13043?
13043
In base 7, what is -3 + -4460?
-4463
In base 5, what is 0 - -130440?
130440
In base 12, what is 107 - 7?
100
In base 6, what is 142013 - -4?
142021
In base 2, what is 1011101 - -10?
1011111
In base 6, what is -45 + 400?
311
In base 11, what is -5 - -466?
461
In base 2, what is 1111 - 0?
1111
In base 5, what is -3220 - 22?
-3242
In base 16, what is -d + -13?
-20
In base 15, what is 2 + 1c1?
1c3
In base 15, what is -10d9 + 1?
-10d8
In base 11, what is 12 + 12?
24
In base 4, what is -11 + 332111?
332100
In base 10, what is 24 - -100?
124
In base 9, what is 166 + 5?
172
In base 10, what is 179 - -2?
181
In base 10, what is -778 + -5?
-783
In base 8, what is -13 - 162?
-175
In base 11, what is a + 39?
48
In base 2, what is 10 + 1011?
1101
In base 16, what is 1 + -6f?
-6e
In base 12, what is 125a - 3?
1257
In base 12, what is -218 - b?
-227
In base 4, what is 100 + -10?
30
In base 10, what is -5 - 309?
-314
In base 3, what is -1201 + -10012?
-11220
In base 8, what is -46 - 2?
-50
In base 3, what is -11020 + 1212?
-2101
In base 14, what is -4 - 61?
-65
In base 4, what is -2032012 - -3?
-2032003
In base 4, what is -3 + 1?
-2
In base 14, what is 4 - -78?
7c
In base 13, what is 53 - 5?
4b
In base 4, what is 23203 - -3?
23212
In base 10, what is -8 - -21?
13
In base 13, what is 9 + -363?
-357
In base 13, what is -2 - -4?
2
In base 6, what is -415 - -1?
-414
In base 9, what is 0 + -533?
-533
In base 5, what is 2 - 214?
-212
In base 7, what is 20 + -336?
-316
In base 10, what is 4 - 69?
-65
In base 5, what is 4443 + -10?
4433
In base 16, what is -1 + -8fc?
-8fd
In base 4, what is -3 - 2110?
-2113
In base 15, what is -11e - 3?
-122
In base 3, what is 100102 + 110?
100212
In base 14, what is -3 + -25?
-28
In base 14, what is 6 + -41?
-39
In base 13, what is 1312 - 0?
1312
In base 8, what is -24 - -13?
-11
In base 12, what is 1 - 1486?
-1485
In base 15, what is 8a + 2?
8c
In base 5, what is 10113 - -13?
10131
In base 10, what is -5 + -6?
-11
In base 2, what is 110001110 + -101?
110001001
In base 13, what is -4 - -2bb?
2b7
In base 4, what is 23103 - -113?
23222
In base 5, what is -2 + -1211?
-1213
In base 9, what is 17 + 28?
46
In base 4, what is -32 + 0?
-32
In base 8, what is -2 - 207?
-211
In base 13, what is 28 - -a?
35
In base 16, what is 23b - -8?
243
In base 5, what is -3 + -4424?
-4432
In base 11, what is 13 - 7?
7
In base 13, what is -a2 + 1?
-a1
In base 9, what is -18 - -10?
-8
In base 8, what is 1 + 1233?
1234
In base 8, what is 17 + -117?
-100
In base 8, what is -6 - -1636?
1630
In base 9, what is 15 + 14?
30
In base 8, what is 3 - 12624?
-12621
In base 15, what is 9ec + 5?
a02
In base 7, what is 10504 - -3?
10510
In base 7, what is 26 - -13?
42
In base 2, what is 1101 + -1001110111?
-1001101010
In base 9, what is -3172 - -5?
-3166
In base 9, what is -6 + 6?
0
In base 13, what is -6c + -1?
-70
In base 12, what is 1 - 5?
-4
In base 7, what is 3 - 106?
-103
In base 3, what is 212 - 22?
120
In base 15, what is 1ce - 0?
1ce
In base 7, what is -2261 + -5?
-2266
In base 3, what is 22 + -1201?
-1102
In base 11, what is a79 + 2?
a80
In base 2, what is -101011 + 1010?
-100001
In base 5, what is -4 - 110?
-114
In base 4, what is 321 + 101?
1022
In base 12, what is 1 + 757?
758
In base 7, what is 0 + 222?
222
In base 4, what is 13 - 21?
-2
In base 6, what is 10211 - -1?
10212
In base 3, what is -1 - 0?
-1
In base 15, what is -3 + -946?
-949
In base 16, what is 5f - 30?
2f
In base 12, what is -1a0 + -1?
-1a1
In base 5, what is 114041 - 3?
114033
In base 12, what is -4038 + -1?
-4039
In base 9, what is 1386 + -3?
1383
In base 6, what is -10 - 102?
-112
In base 8, what is 1 - -31?
32
In base 2, what is 1000111 - -1011?
1010010
In base 3, what is -1212 + -202?
-2121
In base 9, what is 201 - 40?
151
In base 10, what is 9343 + 0?
9343
In base 9, what is 22248 - -1?
22250
In base 15, what is -4 + -28eb?
-2900
In base 2, what is 111 - -10110?
11101
In base 8, what is 11222 - -5?
11227
In base 3, what is 122 - -110?
1002
In base 9, what is 611 + 35?
646
In base 8, what is -44 + -6?
-52
In base 11, what is -108 - -9?
-aa
In base 3, what is 2100 + -212?
1111
In base 9, what is 3 + 142?
145
In base 6, what is -1241 + -2?
-1243
In base 4, what is -10 + -2202?
-2212
In base 3, what is 1 + -22020?
-22012
In base 3, what is 21 - -212?
1010
In base 8, what is 7 - -512?
521
In base 14, what is -3 + b8?
b5
In base 8, what is 4 - -27?
33
In base 8, what is -6 - 10556?
-10564
In base 2, what is 100 + -100100?
-100000
In base 9, what is -3 - -41?
37
In base 13, what is 19 - -1?
1a
In base 2, what is -101011010010111 - 1?
-101011010011000
In base 2, what is 10000 - -1?
10001
In base 9, what is 361 - 5?
355
In base 15, what is 5 - -15c?
162
In base 11, what is 1 - 216?
-215
In base 10, what is 1 - -353?
354
In base 9, what is -4812 - 3?
-4815
In base 12, what is -1 + -9?
-a
In base 16, what is 2cd8 - -3?
2cdb
In base 6, what is -21220 - 1?
-21221
In base 2, what is -10 + 1011011?
1011001
In base 8, what is -31 - 170?
-221
In base 9, what is -3687 - 4?
-3702
In base 6, what is 0 - 452?
-452
In base 16, what is 1 + -4f?
-4e
In base 8, what is 212 - 15?
175
In base 13, what is -116 - -39?
-aa
In base 3, what is -1 + 11?
10
In base 6, what is -21 + 151?
130
In base 3, what is -120200 + 212?
-112211
In base 8, what is 12 + 47?
61
In base 13, what is -730 - 3?
-733
In base 10, what is 11 - -15?
26
In base 4, what is -10 - 210?
-220
In base 14, what is -295 - 3?
-298
In base 6, what is 102 + -151?
-45
In base 15, what is -184 + 0?
-184
In base 5, what is -2431 - -1?
-2430
In base 16, what is 0 + 28?
28
In base 10, what is -5 - 5479?
-5484
In base 10, what is 4 + 22?
26
In base 11, what is -2174 + -2?
-2176
In base 12, what is 2 - -5?
7
In base 8, what is -1544 - -3?
-1541
In base 2, what is -11 - 10010?
-10101
In base 13, what is 89 + -16?
73
In base 8, what is 1 + -72?
-71
In base 5, what is 10 - -4123?
4133
In base 12, what is 0 + -108?
-108
In base 9, what is 4 - 28?
-24
In base 5, what is -1214 + -3?
-1222
In base 14, what is 8 - -c?
16
In base 13, what is 1 + -11?
-10
In base 10, what is 40 - 2?
38
In base 13, what is 8 - 25?
-1a
In base 3, what is -220 + -101?
-1021
In base 5, what is -4 - -13040?
13031
In base 11, what is -10 - -783?
773
In base 12, what is 4 - -11?
15
In base 2, what is -101 - 1000100?
-1001001
In base 13, what is c8b + -4?
c87
In base 13, what is -895 + -4?
-899
In base 16, what is 3413 - -5?
3418
In base 13, what is -40 + -26?
-66
In base 13, what is -ac + 3?
-a9
In base 10, what is 29 - 32?
-3
In base 6, what is -330 - 11?
-341
In base 4, what is 11 + 1003?
1020
In base 12, what is 142 + 0?
142
In base 9, what is 7 - -664?
672
In base 8, what is 5 - -1422?
1427
In base 10, what is -3 - 2?
-5
In base 2, what is 11000 - 10001?
111
In base 2, what is -101 - -100100010?
100011101
In base 13, what is -7b + 2?
-79
In base 3, what is 21 - 100120?
-100022
In base 16, what is 1e + -3d?
-1f
In base 3, what is 22200 - 0?
22200
In base 9, what is 17 + 11?
28
In base 4, what is -112 - 10011?
-10123
In base 15, what is -11b - 24?
-140
In base 12, what is -1 - -13b?
13a
In base 11, what is 189 - 3?
186
In base 8, what is 2 + 1025?
1027
In base 7, what is 110 - -36?
146
In base 7, what is -2 - 101?
-103
In base 11, what is 3 - 52?
-4a
In base 11, what is 5 + -132?
-128
In base 6, what is 1 - 0?
1
In base 16, what is -1 + c41?
c40
In base 7, what is -21425 - -3?
-21422
In base 5, what is 44144 + -4?
44140
In base 16, what is 2 + 2c6?
2c8
In base 14, what is 177 + -15?
162
In base 9, what is 5234 - 2?
5232
In base 7, what is 4 - 546?
-542
In base 11, what is 965 - a?
956
In base 2, what is 1100011000 + 11?
1100011011
In base 10, what is -1 + -297?
-298
In base 6, what is -3 - 14124?
-14131
In base 8, what is 27 - 1?
26
In base 8, what is -3 - -13?
10
In base 4, what is -2 - 210?
-212
In base 8, what is 1 + 4734?
4735
In base 10, what is 10 - 27?
-17
In base 14, what is 2 - -31a?
31c
In base 5, what is -14 + 11142?
11123
In base 14, what is 1167 + 0?
1167
In base 13, what is 78 - 4?
74
In base 7, what is 31 + -341?
-310
In base 4, what is -30 - 2223?
-2313
In base 4, what is -13 + 1320?
1301
In base 16, what 